 is the tens digit of a?
3
Let f be (-3468)/18 + (-1 - (-4)/6). What is the hundreds digit of (-1)/(-4) + (-68)/16 - f?
1
What is the thousands digit of (-565239)/(-58) - 10/4?
9
Let s = 98 - 98. Suppose s*c + 2837 = 4*z + 3*c, -c = -2*z + 1421. What is the units digit of z?
0
Suppose -2*h + 5*m = 2, -5*h + 9*h - 18 = -m. Suppose -h*g + g = 9, 3 = 3*p - g. What is the hundreds digit of 4 + p - 0 - -154?
1
Suppose 0 = 4*t - 3*s, t + 5*s = -2*t. What is the hundreds digit of (410 - 9) + 8 - (0 - t)?
4
Suppose -2*g - 5*n = -523, 21*g + 2*n = 17*g + 1054. Let w = 280 + -142. Let x = g - w. What is the tens digit of x?
2
Suppose 5*r + b = r - 1990, -r + b = 500. Let w = r + 916. What is the units digit of w?
8
Suppose 1494 = 2*v - 3*s, -9*s = -3*v - 4*s + 2243. What is the hundreds digit of v?
7
Suppose 0 = 17*s + 2 - 19. What is the tens digit of s*5*-1 + 515 + -5?
0
Let f be -1*(-5 + 4) + -21. Let h be 12/(-30) + (-866)/f*-2. Let r = 41 - h. What is the units digit of r?
8
Let a be (-9120)/64*(-3 - -1). What is the tens digit of (0 - -2) + (0 - a/(-5))?
5
Let a = -587 - -1196. Let j = a + 135. What is the units digit of j?
4
Suppose 0 = 9*v + 105 - 78. What is the tens digit of (v/(-2))/1*740/30?
3
Let p(g) = g**3 + 19*g**2 + 20*g + 21. Let m be p(-18). Let d be 11/1 - (-30)/m. Let t(r) = 2*r**2 - 10*r - 17. What is the units digit of t(d)?
5
Suppose 451*g = 4*i + 452*g - 84252, 4*i - 4*g = 84292. What is the units digit of i?
5
Let r(a) = a + 13. Let f be r(-8). Suppose 3*z - 7*z + 518 = -2*v, -f*z - v = -665. What is the tens digit of z?
3
Suppose 3*l = -2*j + 14, -4*l + 5*j + 22 = -2*l. Let h(b) = b + l + 7*b + 4*b + 20*b. What is the tens digit of h(4)?
3
Suppose 0 = -8*g - 918 - 378. What is the units digit of ((-7506)/g)/((-1)/(-3))?
9
Let g be ((-2)/2)/(2/82). Let a = 26 + g. What is the units digit of (-353 + -2)*6/a?
2
Let w = 33416 - 21681. What is the ten thousands digit of w?
1
Suppose -257*u + 204*u = -638120. What is the hundreds digit of u?
0
Let k(c) = c**3 - 2*c**2 - 3*c - 4. Let u be k(4). Suppose u*i - 333 - 8339 = 0. What is the units digit of i?
2
Suppose -512 = 4*t - 84. Let b be (-15)/(-15)*-35 - -14. Let j = b - t. What is the tens digit of j?
8
Let h(n) = n**3 - n**2 + 11*n - 2. Let s be h(-5). Let p = 480 + s. What is the units digit of p?
3
Suppose 2*t = 44*t - 3948. Let b(s) = -s. Let p be b(-5). Suppose 0 = -6*w + p*w + t. What is the units digit of w?
4
Let s = 97 + 0. Let h = 424 - s. What is the hundreds digit of h?
3
Let v = 17911 + -10001. What is the thousands digit of v?
7
Let b(c) = 3*c**2 - 8*c + 18. Let v be (((-4)/2)/2)/(3/(-15)). Let u be 0 - (-1)/1 - -1*v. What is the units digit of b(u)?
8
Let y(q) = 0*q - 10 - q**2 - 3*q + 8 - 16*q**3. Let b be y(-1). Suppose 0 = -2*p + 4*w + b, 3*p - 2*w - 61 = -21. What is the tens digit of p?
1
Suppose 17*m - 56824 = -12964. What is the units digit of m?
0
Let j(f) be the third derivative of -f**5/60 + 17*f**4/12 + f**3/2 + 17*f**2 - 1. What is the hundreds digit of j(10)?
2
Suppose 185*g = 439*g - 453644. What is the units digit of g?
6
Let d(a) = a**2 + 19*a + 98. Let m be d(-11). Suppose -v = -x + 349, -m*x + 1705 = -5*x + 3*v. What is the tens digit of x?
4
Suppose 4*m = -5*i + 104678, -488*m + 83744 = 4*i - 484*m. What is the hundreds digit of i?
9
Let i(x) = -x + 22. Let g be i(22). Suppose 2*p - 1136 = -2*c, -2*c + 4*p + 974 + 180 = g. What is the tens digit of c?
7
Suppose -4821882 = -422*i + 3755794 + 4332148. What is the thousands digit of i?
0
Suppose 0 = 16*o - 14*o - 246. Suppose 0 = 3*f - 132 + o. Suppose -f*l + 283 = 3*p - 26, 2*p + 3*l = 202. What is the tens digit of p?
0
Let l(u) = u**2 - 21*u + 406. What is the thousands digit of l(-36)?
2
Suppose -2*r + g = -3*r + 22, -5*g = -r + 4. Suppose 0 = -5*n + z + r, 0 = -2*z - 1 - 7. What is the units digit of n?
3
Suppose 0 = 2*n - n + 3*n. Let s(u) = 2*u**3 + 4*u**2 - u + 430. What is the hundreds digit of s(n)?
4
Let m(b) = -30*b + 252. Suppose d + 5*v = -46, -75*d + 77*d = 4*v - 64. What is the thousands digit of m(d)?
1
Suppose 3*f + 157*q - 159*q = 26131, -4*q = 4*f - 34808. What is the units digit of f?
7
Let g = -49 + 64. Suppose 10*o + 9335 = g*o. What is the thousands digit of o?
1
Let u(d) = 5*d**3 - 18*d**2 + 5*d - 52. What is the tens digit of u(8)?
9
Let q = 82 - 92. Let m be ((-334)/q)/((-7)/70*-2). Suppose -5*o = -m - 173. What is the tens digit of o?
6
Let p = -96 - -99. What is the hundreds digit of (-3 + -299)*-5*p/6?
7
Let t(o) = 2*o**2 - 124. Let a(x) = -5*x**2 - x + 370. Let w(u) = 3*a(u) + 8*t(u). What is the tens digit of w(0)?
1
Let d(l) = l**3 - 15*l**2 + 27*l - 13. Let w be d(13). Suppose -3*v + u + 1450 = w, 84 + 894 = 2*v + 5*u. What is the units digit of v?
4
Suppose 19*s = 5*k + 14*s - 22920, k - 4575 = 4*s. What is the thousands digit of k?
4
Let w(h) = -2*h**2 + 181*h - 169. What is the thousands digit of w(59)?
3
Let q(y) = 4*y**3 + 5*y**2 + 3*y + 3. Let n = 119 + -115. Let i be q(n). Let w = i - 160. What is the hundreds digit of w?
1
Let x(f) = 35*f**2 - 207*f - 45. What is the thousands digit of x(17)?
6
Let f be (8/28)/((-3)/(-21)). Suppose f*w = w + 290. What is the hundreds digit of w?
2
Let l(t) = 9*t**3 + 4*t**2 - 39*t - 2. Let p(i) = 11*i**3 + 3*i**2 - 39*i - 2. Let q(v) = -6*l(v) + 5*p(v). What is the hundreds digit of q(10)?
4
Let v be (-8)/8*(1 - 2)*-1. Let k be 0 + -1 + 741*(-1)/v. Suppose -k = -5*l - 2*c, 25 + 0 = 5*c. What is the tens digit of l?
4
Let k(p) = -p + 6. Let q be k(-6). Suppose 0 = -10*d + q*d + 2618. What is the tens digit of d/(-28) - ((-14)/(-8) + -2)?
4
What is the thousands digit of (1331 + 1)/((31/186)/1)?
7
Let l = -67 - 331. Let p = l + 914. Suppose -105 - p = -9*h. What is the tens digit of h?
6
Let b(t) be the third derivative of t**6/120 - t**5/4 - 19*t**4/24 - 9*t**3/2 - 120*t**2. What is the tens digit of b(18)?
0
Let f be 31/62 - ((-4974)/4 - -1). Suppose 0 = -s + f + 4. What is the tens digit of s?
4
Let z(n) = 6*n + 43. Let p(r) = 18*r + 130. Let a(t) = -2*p(t) + 7*z(t). What is the units digit of a(5)?
1
What is the thousands digit of 2 - (-10841 - -1) - (-295)/(-59)?
0
Suppose -3200 = -3*y - 5*u, -5*y + 3*u + 5350 = 8*u. Let d = y + -960. What is the tens digit of d?
1
Suppose 10*y - 17 = 103. What is the units digit of (152/y)/(6/171)?
1
Let m = -17726 - -68093. What is the ten thousands digit of m?
5
Suppose -3*j + 2*j = -36. Let u(l) = 2*l**2 - 50*l + 48. What is the hundreds digit of u(j)?
8
Let s be (-3 + (-61)/(-3))/((-8)/(-12)). What is the hundreds digit of (-74)/s + (-4)/26 + 522?
5
What is the tens digit of (4 - (-1476)/10)*(-13 + 18)?
5
Suppose u = -q + 42, 2*q - 2*u - 33 - 67 = 0. Suppose 5*m - 2*m - 3*f = 69, q = 2*m + 3*f. What is the units digit of m?
3
Suppose -2033 - 129887 = -10*j. Suppose 0 = -10*o + 348 + j. What is the tens digit of o?
5
Let v(c) be the third derivative of 0*c - 3*c**2 + 7/60*c**5 + 1/6*c**4 + 1/2*c**3 + 0. What is the units digit of v(-3)?
4
Suppose 9*x = -2*p + 4*x + 29, -2*x = -4*p + 22. Suppose -3*k = -p*k + 1252. What is the tens digit of k?
1
Suppose -5*m - 12076 = -3*p, -8*m = -4*p - 5*m + 16116. What is the thousands digit of p?
4
Suppose 0 = 3*f - 21*f + 108. Let w(u) = 35*u + 25. Let k be w(f). Suppose -41*z - k = -46*z. What is the units digit of z?
7
Let q be 2 - (-2 + 44*1). Let f(t) = t**3 + 53*t**2 - 53*t + 103. Let y be f(-54). Let m = y + q. What is the units digit of m?
9
What is the units digit of (-416)/260 - 167894*(-2)/5?
6
Let i = 2550 - 878. Let a = i - 1066. What is the hundreds digit of a?
6
What is the thousands digit of 442635/55 - 492/(-451)?
8
Let x(d) = 4*d - 3. Let u be x(-1). What is the tens digit of (-893)/(1/(7/u))?
9
Let a(v) = v**2 - 2*v - 1. Let h be a(2). Let k be -1 + 1 + 0 - h. What is the units digit of k/((12/(-236))/(-3))?
9
Suppose 0 = -11*d - 24*d - 12005. Let h = 459 + d. What is the units digit of h?
6
Suppose -94*o + 143724 = 22*o. What is the hundreds digit of o?
2
Suppose -4*b - 1481 = -q, -19*q = -16*q + b - 4495. Suppose 4*c - q = -3*s, -5*s = 2*c - 0*s - 759. What is the units digit of c?
2
Suppose -15*y + 12*y - 9 = 0, 3*k + y - 14718 = 0. What is the thousands digit of k?
4
Let n(j) = j**3 - 32*j**2 + 31*j + 70. Let w be n(31). 